at are the prime factors of 485?
5, 97
What are the prime factors of 11007?
3, 1223
What are the prime factors of 2536?
2, 317
What are the prime factors of 4607?
17, 271
What are the prime factors of 12735?
3, 5, 283
What are the prime factors of 11407?
11, 17, 61
What are the prime factors of 31490?
2, 5, 47, 67
List the prime factors of 1237.
1237
List the prime factors of 19890.
2, 3, 5, 13, 17
List the prime factors of 7119.
3, 7, 113
What are the prime factors of 14?
2, 7
What are the prime factors of 20779?
11, 1889
What are the prime factors of 38073?
3, 7, 37
What are the prime factors of 2246?
2, 1123
What are the prime factors of 5731?
11, 521
What are the prime factors of 2011?
2011
List the prime factors of 177846.
2, 3, 29641
List the prime factors of 21225.
3, 5, 283
List the prime factors of 45307.
45307
What are the prime factors of 3000?
2, 3, 5
List the prime factors of 54415.
5, 10883
List the prime factors of 527.
17, 31
What are the prime factors of 3373?
3373
List the prime factors of 20156.
2, 5039
List the prime factors of 820.
2, 5, 41
List the prime factors of 45723.
3, 15241
What are the prime factors of 4809?
3, 7, 229
What are the prime factors of 3851?
3851
What are the prime factors of 21374?
2, 10687
What are the prime factors of 112476?
2, 3, 7, 13, 103
List the prime factors of 85538.
2, 19, 2251
What are the prime factors of 15939?
3, 7, 11, 23
What are the prime factors of 2883?
3, 31
List the prime factors of 18454.
2, 9227
What are the prime factors of 36383?
36383
What are the prime factors of 74879?
7, 19, 563
What are the prime factors of 1338?
2, 3, 223
List the prime factors of 905.
5, 181
List the prime factors of 2177.
7, 311
What are the prime factors of 32024?
2, 4003
List the prime factors of 631.
631
List the prime factors of 1057.
7, 151
What are the prime factors of 145498?
2, 23, 3163
List the prime factors of 1093.
1093
List the prime factors of 9195.
3, 5, 613
What are the prime factors of 2006?
2, 17, 59
What are the prime factors of 19761?
3, 7, 941
List the prime factors of 4310.
2, 5, 431
List the prime factors of 15359.
15359
List the prime factors of 1759.
1759
What are the prime factors of 97145?
5, 19429
What are the prime factors of 664?
2, 83
List the prime factors of 532.
2, 7, 19
List the prime factors of 27808.
2, 11, 79
List the prime factors of 7713.
3, 857
List the prime factors of 11385.
3, 5, 11, 23
List the prime factors of 521.
521
What are the prime factors of 58407?
3, 19469
What are the prime factors of 32117?
32117
List the prime factors of 822.
2, 3, 137
List the prime factors of 1047.
3, 349
What are the prime factors of 1593?
3, 59
List the prime factors of 62509.
17, 3677
What are the prime factors of 117?
3, 13
List the prime factors of 49946.
2, 13, 17, 113
List the prime factors of 1654.
2, 827
What are the prime factors of 1855?
5, 7, 53
List the prime factors of 15441.
3, 5147
What are the prime factors of 21515?
5, 13, 331
What are the prime factors of 610?
2, 5, 61
What are the prime factors of 24685?
5, 4937
What are the prime factors of 52377?
3, 13, 17, 79
What are the prime factors of 1348?
2, 337
List the prime factors of 1838.
2, 919
List the prime factors of 790.
2, 5, 79
List the prime factors of 407.
11, 37
What are the prime factors of 39760?
2, 5, 7, 71
What are the prime factors of 82071?
3, 11, 829
List the prime factors of 1519.
7, 31
List the prime factors of 648.
2, 3
What are the prime factors of 8642?
2, 29, 149
What are the prime factors of 28052?
2, 7013
List the prime factors of 5148.
2, 3, 11, 13
What are the prime factors of 80241?
3, 7, 3821
List the prime factors of 40347.
3, 4483
List the prime factors of 8561.
7, 1223
What are the prime factors of 27455?
5, 17, 19
What are the prime factors of 43880?
2, 5, 1097
What are the prime factors of 91744?
2, 47, 61
List the prime factors of 59992.
2, 7499
List the prime factors of 5934.
2, 3, 23, 43
What are the prime factors of 105528?
2, 3, 4397
What are the prime factors of 27794?
2, 13, 1069
List the prime factors of 2007.
3, 223
List the prime factors of 26669.
26669
What are the prime factors of 1571?
1571
List the prime factors of 60.
2, 3, 5
What are the prime factors of 570?
2, 3, 5, 19
List the prime factors of 6136.
2, 13, 59
What are the prime factors of 285?
3, 5, 19
List the prime factors of 7370.
2, 5, 11, 67
What are the prime factors of 67000?
2, 5, 67
List the prime factors of 1174.
2, 587
What are the prime factors of 42412?
2, 23, 461
What are the prime factors of 107?
107
What are the prime factors of 130624?
2, 13, 157
What are the prime factors of 136381?
7, 19483
What are the prime factors of 39212?
2, 9803
What are the prime factors of 68153?
17, 19, 211
What are the prime factors of 27986?
2, 7, 1999
What are the prime factors of 2030?
2, 5, 7, 29
List the prime factors of 189.
3, 7
What are the prime factors of 7656?
2, 3, 11, 29
What are the prime factors of 13965?
3, 5, 7, 19
List the prime factors of 115245.
3, 5, 13, 197
List the prime factors of 18785.
5, 13, 17
What are the prime factors of 99543?
3, 33181
What are the prime factors of 141693?
3, 73, 647
What are the prime factors of 13437?
3, 1493
What are the prime factors of 959?
7, 137
What are the prime factors of 442?
2, 13, 17
List the prime factors of 21325.
5, 853
What are the prime factors of 13594?
2, 7, 971
What are the prime factors of 1597?
1597
List the prime factors of 5954.
2, 13, 229
List the prime factors of 47548.
2, 11887
List the prime factors of 68757.
3, 13, 41, 43
List the prime factors of 315.
3, 5, 7
What are the prime factors of 29428?
2, 7, 1051
List the prime factors of 1226.
2, 613
What are the prime factors of 43929?
3, 1627
List the prime factors of 4485.
3, 5, 13, 23
What are the prime factors of 1050?
2, 3, 5, 7
List the prime factors of 5081.
5081
What are the prime factors of 92?
2, 23
List the prime factors of 1037.
17, 61
List the prime factors of 53181.
3, 19, 311
List the prime factors of 2393.
2393
List the prime factors of 58798.
2, 29399
What are the prime factors of 2424?
2, 3, 101
What are the prime factors of 10523?
17, 619
What are the prime factors of 1222?
2, 13, 47
List the prime factors of 72014.
2, 36007
List the prime factors of 8690.
2, 5, 11, 79
List the prime factors of 2689.
2689
List the prime factors of 937.
937
List the prime factors of 2240.
2, 5, 7
What are the prime factors of 3249?
3, 19
What are the prime factors of 10479?
3, 7, 499
List the prime factors of 5086.
2, 2543
What are the prime factors of 13629?
3, 7, 11, 59
What are the prime factors of 1695?
3, 5, 113
What are the prime factors of 28009?
37, 757
List the prime factors of 1485.
3, 5, 11
What are the prime factors of 1969?
11, 179
What are the prime factors of 42885?
3, 5, 953
List the prime factors of 61705.
5, 7, 41, 43
What are the prime factors of 35753?
35753
What are the prime factors of 80?
2, 5
List the prime factors of 105938.
2, 7, 23, 47
List the prime factors of 6239.
17, 367
What are the prime factors of 106238?
2, 11, 439
What are the prime factors of 8710?
2, 5, 13, 67
What are the prime factors of 63200?
2, 5, 79
What are the prime factors of 11656?
2, 31, 47
What are the prime factors of 746?
2, 373
What are the prime factors of 2280?
2, 3, 5, 19
List the prime factors of 440.
2, 5, 11
List the prime factors of 156.
2, 3, 13
List the prime factors of 14416.
2, 17, 53
List the prime factors of 2173.
41, 53
What are the prime factors of 882?
2, 3, 7
List the prime factors of 2630.
2, 5, 263
What are the prime factors of 242?
2, 11
What are the prime factors of 74?
2, 37
What are the prime factors of 6335?
5, 7, 181
List the prime factors of 2291.
29, 79
List the prime factors of 4659.
3, 1553
What are the prime factors of 17874?
2, 3, 331
List the prime factors of 3057.
3, 1019
What are the prime factors of 26974?
2, 13487
List the prime factors of 26102.
2, 31, 421
What are the prime factors of 904?
2, 113
What are the prime factors of 74156?
2, 18539
What are the prime factors of 354?
2, 3, 59
List the prime factors of 458.
2, 229
What are the prime factors of 104?
2, 13
List the prime factors of 11664.
2, 3
List the prime factors of 404.
2, 101
What are 